 - (-62 + 88)).
68
Evaluate -324 + 372 - (-2 + -30) - 5.
75
What is the value of -29 + (-57 - -97) - -41?
52
What is -3 + (14 - -3) + -12 - (-1 + 2 + 14)?
-13
What is (2 - -1) + -7 + 31 + (28 - 75)?
-20
-4 + (-4 - 69) + (-15 - -1) + (5 - -14)
-72
What is the value of 15 + -22 - (-18 + 27 - (99 - 7))?
76
Evaluate -8 + 13 - (82 - ((22 - 14) + -1 + 2)).
-68
What is the value of (-13 + 4 - -3) + (-28 - -4) + 53?
23
What is the value of (1 - 0 - 0) + (-115 - 5 - (576 + -628))?
-67
What is the value of -4 + 11 + 3 + 2 - (14 + 7) - -161?
152
What is (-27 - 4) + -29 + -29 + 53?
-36
-128 + -9 + 82 + -1 + 41
-15
What is (356 - 371) + (-1 - 4) + 4?
-16
(-1 - 1) + 4 + 2 + (536 - 608)
-68
What is the value of -54 + (59 - (87 - -7))?
-89
73 + (-70 - 33) - (4 + -165)
131
Evaluate -76 - ((29 + -27 + 15 - 23) + (1 - 0)).
-71
Evaluate -20 - (-54 - (-39 + 3)) - (17 + 0).
-19
What is the value of (-25 - (-19 - (-14 + 31))) + (0 - 2) + -68?
-59
Evaluate 0 + -84 + (821 - 800) - 38.
-101
Calculate 22286 - 22290 - (0 + 41 + 1 - 1).
-45
What is 185 + -181 + 1 + 1 - (-62 - (-17 - -8))?
59
Evaluate (0 - 3 - (-1 + -68)) + (-118 - -54 - -55).
57
What is the value of 0 + 27 + (-4 - -78 - 72)?
29
Calculate -504 + 486 - (-45 - (-3 + -1 + 1)).
24
Evaluate -17 + (83 - 50) + 2 + 26 + 2.
46
What is the value of -4 - 5 - (62 + -118 - -41)?
6
(0 - 43) + -3859 + 3928
26
Calculate (5 - -16) + 25 + -34 + 8 - 41.
-21
What is -12 + (-6 + (7 - (7 + 5)) - 5)?
-28
What is the value of -1 + -53 + -14209 + 14219?
-44
What is the value of -1 + (17 - 17 - 5) + -17?
-23
-31 - (25 - (-50 - -87))
-19
-298 + 421 - (-4 + 33)
94
Calculate (7 - -7 - 0) + -2 - (6 + 42 - -5).
-41
Calculate 51 + 30 + (22 - 97).
6
Evaluate 27 + -17 - ((55 - -11) + (-8 + 3 - -2)).
-53
Calculate 11 - (18 + -33 + 11 - (5 + -3) - 32).
49
What is the value of 0 + -20 + -9 + 33 + 2?
6
Evaluate 33 + -4 + 8 + 0 + 5 + -1 - -5.
46
4 - (-14 + 4) - (1156 - 1022)
-120
Evaluate 30 + (-20 - 23) + 30.
17
Calculate -283 + 330 - (-12 + 9).
50
What is -12 - (5 - 24) - (0 - -5) - (195 - 114)?
-79
Evaluate (13 - (2 - -7)) + 3 + 9 + 102 - -14.
132
What is -41 + 9 + -12 + (15 + 14 - 15)?
-30
What is the value of -118 + (58 - 7) - -22?
-45
27 + (-20 - -46 - 95) + 40
-2
-75 - (32 + -71 + -112)
76
-57 - -32 - (-10 - (8 - 7 - 4))
-18
Evaluate ((-18 - -9) + 4 - 1) + (12 - 17) + 40.
29
Calculate -82 + 305 + -92 + 0.
131
Calculate (-5 - (-2 - 2) - -18 - 7) + -99 + 100.
11
What is the value of -56 + (85 - 58) + 67?
38
Evaluate (178 - 211) + 41 - ((-2 - (-3 - -1)) + 27).
-19
-30 - (-1 + 0) - (2156 + -2328)
143
Calculate -2 + (-2 - -4) + 0 - (-67 + (-2 - -63)).
6
Evaluate -13 + -7 + 16 - (0 - (6 + 1 - 11)).
-8
What is (-3 - (-14 - -19 - -5)) + 45?
32
What is the value of (-16 + 12 - (3 - 5 - 11)) + 0?
9
(-7 + 11 + -12 + 7 - -11) + (1 - 34)
-23
7 - (-79 - -21) - 80
-15
What is the value of 18 + (-4 - -6) + -1 - (10 + -2) - 59?
-48
Calculate (7 - (5 - 3) - 60) + (-10 - -35 - 27).
-57
-4 + (0 - (-1 - -6)) - (769 + -838)
60
Calculate (-21 - -16 - 8) + (2 - -2) + -8.
-17
What is -6 - ((3 + 11 - 5 - -1) + -47 + -8)?
39
Evaluate -2 - (1 + -2) - 88 - (58990 + -58996).
-83
Calculate 41 - ((2 - 6 - 4) + 54 + -44).
39
Calculate 62 + -25 + (4 - 39) + 38.
40
What is (0 - 8 - -16) + 65 + (11 - 22) - -10?
72
What is (-5 - -91) + 0 + (114 - (-1 + 126))?
75
Evaluate -3 - ((-362 - -334) + (2 - 28)).
51
-11 - (-10 + 26) - 2
-29
What is the value of 23 + -174 + (417 - 303)?
-37
20 + -9 - (7 + -15 + 17 + 2) - 83
-83
Calculate (-17 - -2) + (-29 - -35) - 25.
-34
Evaluate 61 - (-95 + 86 + 37).
33
Calculate -2 - (6 + (3 - (24 + 9))).
22
What is the value of 81 + (-75 - -76) - (23 - 0)?
59
3 + -2 - 2 - -31 - (366 - 388)
52
What is the value of -57 + (141 - -5) - 133?
-44
Evaluate -187 - (-156 - -86) - -29.
-88
Evaluate (-8 - 0) + (3651 - 3627).
16
What is the value of -18 - ((0 - -36) + (115 - 139))?
-30
Calculate (31 - 125) + 61 + (1 - 0).
-32
Calculate 18 + -29 - -5 - 27 - 38.
-71
Calculate 77 - (-10 + 34 + 18).
35
What is -12 + (93 - 79 - (0 + 16 - 2)) - 64?
-76
(2 + 4 - (-18 - -12) - 16) + (7 - -1)
4
What is the value of -74 + (-64 - -87) + (31 - -2)?
-18
Evaluate -3681 + 3630 + (0 - 80).
-131
Evaluate 17 + -21 + (-33 - (3 + -2)).
-38
Evaluate (18 - (37 + -22)) + (7 + 0 - 0) - -7.
17
-33 + (0 + (-1 - -1) - (-1 - (-16 - -11)))
-37
What is the value of 20 - (-21 + 33 - 12) - 168 - -18?
-130
What is (-28 - -64) + (-13 - (-16 - -88))?
-49
Evaluate -27 - (4 + -150) - (-2 - -16).
105
Calculate (20 - (-16 + 15)) + (-17 - -7) + 11 + -3.
19
6 - (-25 - 0) - -14 - (6 - 12)
51
What is the value of -14 + (-16 - -30 - (22 + -1))?
-21
What is -197 - -79 - -73 - -92?
47
Evaluate 80 + (-50 - 8) + 41.
63
-40 - (36 + -1 - (-458 + 428))
-105
Evaluate 2 + 100 + 34 - 212.
-76
What is 89 - (-2 - -17 - (-68 - (38 - 105)))?
73
Evaluate -79 - -205 - 6 - (-10 + 16).
114
Calculate 4 - ((-1 - (-34 - -20)) + (23 - 2)).
-30
What is the value of 15 - (-36 + (31 - 18 - 2) + -2)?
42
Calculate 1 - (-1 - 2) - ((25 - -34) + -65).
10
0 + (3 - 3) + -2 + -84 + 1
-85
What is the value of 70 + -84 + 20 + (1 - -1 - 66)?
-58
What is -5 + -41 + 27 + (-20 - -2)?
-37
62 + (-157 - (-158 + 116))
-53
What is 5 + -10 - (9 + (-31 - -8)) - (-254 - -163)?
100
What is 10 - (-74 + (37 - 17) - -11)?
53
What is the value of 20 - (112 + (-14 - -20 - 19)) - -6?
-73
What is 65 + 18 - (103 + -44)?
24
Evaluate (2 + 36 - 0) + 68 + -47 + -33.
26
10 - (19 + -33 - 3 - (2 + -3))
26
Calculate 21 + (-19 + 9 - (162 + -140)).
-11
What is (-3 - -2 - -8) + (39 - 107) + 66 - 75?
-70
What is the value of 20 - (-201 - -90 - -99)?
32
Evaluate 40 + 2 - (-344 + 338).
48
Evaluate 50 + (-102 - -87 - 73).
-38
Calculate 68 - 17 - 10 - (1 - -58).
-18
23 + 26 - (-2 + 7 - 13)
57
What is the value of (-9 - 0 - -23) + 19 + -45?
-12
Evaluate -945 - -878 - (-38 + -2).
-27
Evaluate 6 + 0 + (-46 - 25) + 52 + 100.
87
Evaluate -695 + 736 + (3 + -10 - (1 + 0)).
33
Calculate -2 + -29 + (185 - (138 + 151)).
-135
What is the value of -13 + (-7 - 12) + 9 + 35?
12
22 - (-16 - -10) - (9 + -7)
26
Evaluate (-33 - (-3 + -57)) + -2 + (1 - 0 - 4).
22
Evaluate -45 + 31 + -1 + 65 + (5 - (-10 - -10)).
55
-18 + (-12 - -43 - 76)
-63
Evaluate (26 - -21) + 7 + (-17 - (-19 - -14)).
42
Evaluate (83 - -26) + -61 - 11.
37
Evaluate -46 - ((-11 - 34) + (47 - -7)).
-55
What is 6 + -5 + 5 + (9 - 6 - 2 - -40)?
47
Calculate -89 + 309 - 20 - (61 - 12).
151
Evaluate -60 - 30 - ((8 - (2 - (-6 + 4))) + -7).
-87
Calculate -106 + (107 - 7) + -36.
-42
Calculate 4 - ((-53 - -51) + 1 + -11 + 9).
7
What is the value of (-585 - -593) + 0 + 1 + -2 + 42?
49
Calculate 143 + -141 - (15 - (3 - -8 - 5)).
-7
-1 - -6 - (13 + -17) - (-397 - -403)
3
What is 26 - (-12 - 6) - (2 + 0 + -1 + 0)?
43
What is the value of 10 + (0 + 2 - 9) + (-45 - -42) - 29?
-29
Evaluate 66 + -54 + -131 + 30.
-89
What is the value of 2 + 148 - (-281 + 364)?
67
What is the value of (1 + 3 - (-17 - 7 - -31)) + (77 - -29)?
103
What is -11 - ((0 - -3) + -3) - (-34 + 90)?
-67
What is 36 + (-30 + -10 - -31)?
27
Evaluate (1 - -5 - 13) + 5 + 12 + -3 - -14.
21
Calculate -275 + 270 - (13 - 1) - -52.
35
Evaluate 14 - 29 - (5 - 22).
2
(730 - 753) + 9 + 26
12
Evaluate -83 + (-30 - (-17 + 27)) + 22.
-101
Calculate -26 + (7 + -4 - (-6 - -4)).
-21
36 + 110 + -109 + (8 - (0 + -2))
47
Calculate -13 - (29 - (-5 + 3 + -28 + 18)).
-54
What is 18 + -1 + 28 + -2 + -1 + (-12 - -10)?
40
2 + 0 - (-27 + (98 - -19) + 24 + 11)
-123
Evaluate -6 - (11 - -25) - (-18 - -45).
-69
Calculate -32 + (-21 + 8 + 23 - 4).
-26
What is -39 + (-1 - 39) + 35 + -16?
-60
Calculate (1 - (5 - (13 - (-19 + 21)))) + (0 - -46).
53
(-1 - -48) + 2488 + -2490
45
What is the value of 72 - (27 - (85 + -126))?
4
What is 30 + (-19 + 17 + 0 + 14 - -2)?
44
-5 - (0 - -20) - (12 + -29 + 15 + 6)
-29
Evaluate (0 - (1 - (4 + (-7 - -11)))) + -4 - -4.
7
Evaluate (-1 + 17 + -1 - 3) + (768 - 774) - 0.
6
Evaluate -17 + 19 + 9 + -11 - (10 + 0).
-10
What is 39 + 17 + 12 + -14?
54
Calculate 4 - (7 - (3 - (31 + -70))).
39
Calculate (2 + 0 - 0 - -2) + (-88 - 35) + 139.
20
Calculate -3 + 2 - 0 - (116 + -51 - 35).
-31
What is (-59 - -121) + -1 + -70?
-9
What is 2 - (0 - 30) - (401 - 388)?
19
(4 - 27) + (-54 + 48 - -37)
8
Calculate -5082 + 5031 - (-6 + -1).
-44
Calculate -13 + -13 - (3 + -6 + -2 + -3).
-18
Calcu